e greatest common divisor of 9 and 1467?
9
What is the highest common divisor of 12 and 3?
3
Calculate the highest common factor of 174 and 58.
58
What is the highest common divisor of 255 and 75?
15
What is the highest common factor of 752 and 304?
16
Calculate the greatest common divisor of 196 and 49196.
196
What is the greatest common factor of 62 and 4898?
62
What is the highest common divisor of 203 and 6496?
203
What is the highest common factor of 2093 and 182?
91
What is the highest common divisor of 168 and 182?
14
Calculate the greatest common factor of 707 and 202.
101
What is the greatest common divisor of 2 and 758?
2
Calculate the greatest common divisor of 72982 and 14.
14
What is the greatest common divisor of 190 and 342?
38
What is the greatest common factor of 51 and 323?
17
What is the highest common divisor of 651 and 42?
21
What is the greatest common divisor of 60 and 80?
20
What is the highest common factor of 321 and 107?
107
What is the highest common divisor of 159 and 265?
53
What is the highest common factor of 26 and 36?
2
Calculate the greatest common divisor of 11 and 341.
11
Calculate the greatest common divisor of 2782 and 26.
26
Calculate the highest common divisor of 481 and 13.
13
Calculate the greatest common divisor of 871 and 67.
67
Calculate the greatest common divisor of 58 and 2.
2
Calculate the greatest common divisor of 20504 and 16.
8
Calculate the greatest common factor of 836 and 220.
44
What is the highest common factor of 1404 and 12?
12
Calculate the greatest common divisor of 74 and 814.
74
What is the highest common factor of 204 and 68?
68
What is the highest common divisor of 1197 and 819?
63
Calculate the greatest common divisor of 416 and 26.
26
Calculate the highest common divisor of 217 and 341.
31
What is the greatest common divisor of 364 and 84?
28
Calculate the highest common divisor of 18 and 342.
18
What is the highest common factor of 3 and 1707?
3
Calculate the greatest common factor of 3791 and 1561.
223
Calculate the greatest common factor of 299 and 26.
13
Calculate the greatest common divisor of 26 and 41782.
26
What is the highest common divisor of 11260 and 20?
20
Calculate the highest common divisor of 300 and 834.
6
What is the highest common factor of 56 and 896?
56
Calculate the highest common divisor of 4 and 234.
2
Calculate the highest common factor of 41 and 1435.
41
What is the greatest common factor of 6 and 654?
6
What is the greatest common divisor of 81 and 21843?
27
Calculate the greatest common divisor of 1035 and 135.
45
What is the greatest common factor of 1016 and 635?
127
What is the greatest common divisor of 34 and 9962?
34
What is the highest common factor of 1045 and 385?
55
What is the greatest common divisor of 544 and 17?
17
Calculate the greatest common factor of 34 and 6358.
34
Calculate the greatest common divisor of 11 and 517.
11
Calculate the highest common divisor of 30 and 26940.
30
What is the greatest common divisor of 130 and 104?
26
Calculate the greatest common divisor of 3944 and 58.
58
What is the greatest common factor of 45 and 10095?
15
What is the highest common divisor of 12 and 246?
6
What is the highest common divisor of 324 and 72?
36
Calculate the greatest common factor of 2418 and 78.
78
What is the highest common divisor of 42 and 78?
6
Calculate the highest common divisor of 1306 and 14.
2
Calculate the greatest common divisor of 16 and 848.
16
Calculate the highest common factor of 121 and 22.
11
What is the highest common divisor of 135 and 270?
135
Calculate the highest common factor of 819 and 126.
63
What is the highest common factor of 14 and 987?
7
Calculate the greatest common factor of 6437 and 157.
157
What is the highest common factor of 425 and 34?
17
Calculate the greatest common factor of 2548 and 70.
14
What is the highest common divisor of 3204 and 54?
18
What is the highest common divisor of 38 and 25688?
38
Calculate the highest common divisor of 527 and 323.
17
What is the greatest common divisor of 1476 and 36?
36
What is the highest common factor of 1120 and 35?
35
What is the greatest common factor of 111 and 185?
37
Calculate the highest common divisor of 253 and 2185.
23
What is the highest common divisor of 650 and 20?
10
Calculate the highest common factor of 28 and 10052.
28
What is the greatest common divisor of 558 and 18?
18
What is the highest common divisor of 29 and 899?
29
Calculate the greatest common factor of 765 and 45.
45
Calculate the highest common divisor of 56 and 49.
7
What is the greatest common factor of 136 and 7956?
68
What is the highest common divisor of 54 and 414?
18
What is the highest common factor of 170 and 153?
17
Calculate the greatest common factor of 39 and 364.
13
Calculate the highest common divisor of 588 and 252.
84
Calculate the greatest common divisor of 117 and 4914.
117
Calculate the greatest common divisor of 118 and 708.
118
Calculate the greatest common divisor of 55 and 165.
55
What is the highest common divisor of 222 and 30858?
222
Calculate the highest common factor of 2604 and 840.
84
Calculate the greatest common factor of 32 and 352.
32
What is the greatest common divisor of 4853 and 46?
23
Calculate the highest common divisor of 1825 and 146.
73
Calculate the greatest common factor of 564 and 48.
12
Calculate the greatest common divisor of 513 and 135.
27
Calculate the greatest common factor of 3 and 228.
3
Calculate the greatest common divisor of 9 and 6.
3
What is the highest common factor of 51 and 4352?
17
What is the greatest common factor of 13 and 5447?
13
What is the greatest common divisor of 340 and 2240?
20
Calculate the greatest common divisor of 138 and 6302.
46
Calculate the highest common factor of 168 and 63.
21
What is the greatest common divisor of 772 and 64?
4
Calculate the highest common divisor of 102 and 68.
34
What is the highest common divisor of 37 and 49?
1
What is the greatest common factor of 4 and 204?
4
Calculate the highest common factor of 6120 and 72.
72
What is the highest common divisor of 252 and 1134?
126
Calculate the greatest common factor of 265 and 424.
53
Calculate the greatest common divisor of 16 and 432.
16
What is the greatest common factor of 25 and 95?
5
Calculate the greatest common factor of 9628 and 116.
116
What is the highest common divisor of 3 and 3?
3
Calculate the highest common divisor of 24462 and 72.
18
Calculate the highest common divisor of 3392 and 106.
106
What is the greatest common factor of 190 and 10?
10
What is the greatest common factor of 2296 and 369?
41
What is the greatest common divisor of 5 and 395?
5
What is the highest common factor of 219 and 292?
73
What is the highest common divisor of 663 and 715?
13
Calculate the greatest common divisor of 1534 and 26.
26
Calculate the greatest common factor of 459 and 697.
17
Calculate the highest common factor of 185 and 15.
5
Calculate the greatest common divisor of 2 and 37.
1
Calculate the greatest common factor of 1089 and 99.
99
What is the greatest common factor of 12012 and 117?
39
Calculate the highest common factor of 24 and 2364.
12
Calculate the highest common divisor of 18 and 2817.
9
What is the greatest common divisor of 36 and 666?
18
What is the highest common factor of 12 and 114?
6
Calculate the highest common divisor of 17150 and 150.
50
What is the greatest common factor of 80 and 48?
16
Calculate the highest common divisor of 403 and 312.
13
Calculate the greatest common divisor of 63 and 3990.
21
What is the greatest common factor of 63 and 1764?
63
Calculate the highest common divisor of 10 and 810.
10
What is the greatest common factor of 6230 and 70?
70
Calculate the highest common factor of 10 and 2550.
10
What is the greatest common factor of 13661 and 76?
19
Calculate the greatest common factor of 33 and 352.
11
What is the highest common factor of 4455 and 792?
99
Calculate the greatest common divisor of 690 and 390.
30
Calculate the highest common divisor of 107 and 428.
107
Calculate the highest common factor of 38259 and 117.
117
What is the greatest common factor of 23 and 1219?
23
Calculate the greatest common divisor of 776 and 8.
8
What is the greatest common factor of 504 and 315?
